{"id":987505583,"date":"2026-03-23T05:25:30","date_gmt":"2026-03-23T05:25:30","guid":{"rendered":"https:\/\/warriorpark.re\/?post_type=product&#038;p=987505583"},"modified":"2026-03-25T13:09:39","modified_gmt":"2026-03-25T13:09:39","slug":"brassiere-2","status":"publish","type":"product","link":"https:\/\/warriorpark.re\/index.php\/produit\/brassiere-2\/","title":{"rendered":"Brassi\u00e8re"},"content":{"rendered":"<p>Sed ut perspiciatis unde omnis iste natus error sit voluptatem accusantium doloremque laudantium, totam rem aperiam, eaque ipsa quae ab illo inventore veritatis et quasi architecto beatae vitae dicta sunt explicabo. Nemo enim ipsam voluptatem quia voluptas sit aspernatur aut odit aut fugit, sed quia consequuntur magni dolores eos qui ratione voluptatem sequi nesciunt. Neque porro quisquam est, qui dolorem ipsum quia dolor sit amet, consectetur, adipisci velit, sed quia non numquam eius modi tempora incidunt ut labore et dolore magnam aliquam quaerat voluptatem.<\/p>\n","protected":false},"excerpt":{"rendered":"<p>At vero eos et accusamus et iusto odio dignissimos ducimus qui blanditiis praesentium voluptatum deleniti atque corrupti quos dolores et quas molestias excepturi sint occaecati cupiditate non provident, similique sunt in culpa qui officia deserunt mollitia animi, id est laborum et dolorum fuga. Et harum quidem rerum facilis est et expedita distinctio. Nam libero tempore, cum soluta nobis est eligendi optio cumque nihil impedit quo minus id quod maxime placeat facere possimus, omnis voluptas assumenda est, omnis dolor repellendus. Temporibus autem quibusdam et aut officiis debitis aut rerum necessitatibus saepe eveniet ut et voluptates repudiandae sint et molestiae non recusandae. Itaque earum rerum hic tenetur a sapiente delectus, ut aut reiciendis voluptatibus maiores alias consequatur aut perferendis doloribus asperiores repellat.<\/p>\n","protected":false},"featured_media":987505607,"comment_status":"open","ping_status":"closed","template":"","meta":[],"product_brand":[],"product_cat":[22,21],"product_tag":[],"class_list":{"0":"post-987505583","1":"product","2":"type-product","3":"status-publish","4":"has-post-thumbnail","6":"product_cat-brassieres-femmes","7":"product_cat-categorie-femme","9":"first","10":"instock","11":"taxable","12":"shipping-taxable","13":"purchasable","14":"product-type-variable"},"yoast_head":"<!-- This site is optimized with the Yoast SEO plugin v27.2 - https:\/\/yoast.com\/product\/yoast-seo-wordpress\/ -->\n<title>Brassi\u00e8re - Warrior Park<\/title>\n<meta name=\"robots\" content=\"index, follow, max-snippet:-1, max-image-preview:large, max-video-preview:-1\" \/>\n<link rel=\"canonical\" href=\"https:\/\/warriorpark.re\/index.php\/produit\/brassiere-2\/\" \/>\n<meta property=\"og:locale\" content=\"fr_FR\" \/>\n<meta property=\"og:type\" content=\"article\" \/>\n<meta property=\"og:title\" content=\"Brassi\u00e8re - Warrior Park\" \/>\n<meta property=\"og:description\" content=\"At vero eos et accusamus et iusto odio dignissimos ducimus qui blanditiis praesentium voluptatum deleniti atque corrupti quos dolores et quas molestias excepturi sint occaecati cupiditate non provident, similique sunt in culpa qui officia deserunt mollitia animi, id est laborum et dolorum fuga. Et harum quidem rerum facilis est et expedita distinctio. Nam libero tempore, cum soluta nobis est eligendi optio cumque nihil impedit quo minus id quod maxime placeat facere possimus, omnis voluptas assumenda est, omnis dolor repellendus. Temporibus autem quibusdam et aut officiis debitis aut rerum necessitatibus saepe eveniet ut et voluptates repudiandae sint et molestiae non recusandae. Itaque earum rerum hic tenetur a sapiente delectus, ut aut reiciendis voluptatibus maiores alias consequatur aut perferendis doloribus asperiores repellat.\" \/>\n<meta property=\"og:url\" content=\"https:\/\/warriorpark.re\/index.php\/produit\/brassiere-2\/\" \/>\n<meta property=\"og:site_name\" content=\"Warrior Park\" \/>\n<meta property=\"article:modified_time\" content=\"2026-03-25T13:09:39+00:00\" \/>\n<meta property=\"og:image\" content=\"https:\/\/warriorpark.re\/wp-content\/uploads\/2026\/03\/Modele-brassiere-6.webp\" \/>\n\t<meta property=\"og:image:width\" content=\"1920\" \/>\n\t<meta property=\"og:image:height\" content=\"1403\" \/>\n\t<meta property=\"og:image:type\" content=\"image\/webp\" \/>\n<meta name=\"twitter:card\" content=\"summary_large_image\" \/>\n<meta name=\"twitter:label1\" content=\"Dur\u00e9e de lecture estim\u00e9e\" \/>\n\t<meta name=\"twitter:data1\" content=\"1 minute\" \/>\n<script type=\"application\/ld+json\" class=\"yoast-schema-graph\">{\"@context\":\"https:\/\/schema.org\",\"@graph\":[{\"@type\":\"WebPage\",\"@id\":\"https:\/\/warriorpark.re\/index.php\/produit\/brassiere-2\/\",\"url\":\"https:\/\/warriorpark.re\/index.php\/produit\/brassiere-2\/\",\"name\":\"Brassi\u00e8re - Warrior Park\",\"isPartOf\":{\"@id\":\"https:\/\/warriorpark.re\/#website\"},\"primaryImageOfPage\":{\"@id\":\"https:\/\/warriorpark.re\/index.php\/produit\/brassiere-2\/#primaryimage\"},\"image\":{\"@id\":\"https:\/\/warriorpark.re\/index.php\/produit\/brassiere-2\/#primaryimage\"},\"thumbnailUrl\":\"https:\/\/i0.wp.com\/warriorpark.re\/wp-content\/uploads\/2026\/03\/Modele-brassiere-6.webp?fit=1920%2C1403&ssl=1\",\"datePublished\":\"2026-03-23T05:25:30+00:00\",\"dateModified\":\"2026-03-25T13:09:39+00:00\",\"breadcrumb\":{\"@id\":\"https:\/\/warriorpark.re\/index.php\/produit\/brassiere-2\/#breadcrumb\"},\"inLanguage\":\"fr-FR\",\"potentialAction\":[{\"@type\":\"ReadAction\",\"target\":[\"https:\/\/warriorpark.re\/index.php\/produit\/brassiere-2\/\"]}]},{\"@type\":\"ImageObject\",\"inLanguage\":\"fr-FR\",\"@id\":\"https:\/\/warriorpark.re\/index.php\/produit\/brassiere-2\/#primaryimage\",\"url\":\"https:\/\/i0.wp.com\/warriorpark.re\/wp-content\/uploads\/2026\/03\/Modele-brassiere-6.webp?fit=1920%2C1403&ssl=1\",\"contentUrl\":\"https:\/\/i0.wp.com\/warriorpark.re\/wp-content\/uploads\/2026\/03\/Modele-brassiere-6.webp?fit=1920%2C1403&ssl=1\",\"width\":1920,\"height\":1403,\"caption\":\"Brassi\u00e8re confortable en tissu doux, pr\u00e9sent\u00e9e sur fond neutre.\"},{\"@type\":\"BreadcrumbList\",\"@id\":\"https:\/\/warriorpark.re\/index.php\/produit\/brassiere-2\/#breadcrumb\",\"itemListElement\":[{\"@type\":\"ListItem\",\"position\":1,\"name\":\"Accueil\",\"item\":\"https:\/\/warriorpark.re\/\"},{\"@type\":\"ListItem\",\"position\":2,\"name\":\"Boutique\",\"item\":\"https:\/\/warriorpark.re\/index.php\/boutique\/\"},{\"@type\":\"ListItem\",\"position\":3,\"name\":\"Femme\",\"item\":\"https:\/\/warriorpark.re\/index.php\/categorie-produit\/categorie-femme\/\"},{\"@type\":\"ListItem\",\"position\":4,\"name\":\"Brassi\u00e8res\",\"item\":\"https:\/\/warriorpark.re\/index.php\/categorie-produit\/categorie-femme\/brassieres-femmes\/\"},{\"@type\":\"ListItem\",\"position\":5,\"name\":\"Brassi\u00e8re\"}]},{\"@type\":\"WebSite\",\"@id\":\"https:\/\/warriorpark.re\/#website\",\"url\":\"https:\/\/warriorpark.re\/\",\"name\":\"Warrior Park\",\"description\":\"Stay Fierce\",\"potentialAction\":[{\"@type\":\"SearchAction\",\"target\":{\"@type\":\"EntryPoint\",\"urlTemplate\":\"https:\/\/warriorpark.re\/?s={search_term_string}\"},\"query-input\":{\"@type\":\"PropertyValueSpecification\",\"valueRequired\":true,\"valueName\":\"search_term_string\"}}],\"inLanguage\":\"fr-FR\"}]}<\/script>\n<!-- \/ Yoast SEO plugin. -->","yoast_head_json":{"title":"Brassi\u00e8re - Warrior Park","robots":{"index":"index","follow":"follow","max-snippet":"max-snippet:-1","max-image-preview":"max-image-preview:large","max-video-preview":"max-video-preview:-1"},"canonical":"https:\/\/warriorpark.re\/index.php\/produit\/brassiere-2\/","og_locale":"fr_FR","og_type":"article","og_title":"Brassi\u00e8re - Warrior Park","og_description":"At vero eos et accusamus et iusto odio dignissimos ducimus qui blanditiis praesentium voluptatum deleniti atque corrupti quos dolores et quas molestias excepturi sint occaecati cupiditate non provident, similique sunt in culpa qui officia deserunt mollitia animi, id est laborum et dolorum fuga. Et harum quidem rerum facilis est et expedita distinctio. Nam libero tempore, cum soluta nobis est eligendi optio cumque nihil impedit quo minus id quod maxime placeat facere possimus, omnis voluptas assumenda est, omnis dolor repellendus. Temporibus autem quibusdam et aut officiis debitis aut rerum necessitatibus saepe eveniet ut et voluptates repudiandae sint et molestiae non recusandae. Itaque earum rerum hic tenetur a sapiente delectus, ut aut reiciendis voluptatibus maiores alias consequatur aut perferendis doloribus asperiores repellat.","og_url":"https:\/\/warriorpark.re\/index.php\/produit\/brassiere-2\/","og_site_name":"Warrior Park","article_modified_time":"2026-03-25T13:09:39+00:00","og_image":[{"width":1920,"height":1403,"url":"https:\/\/warriorpark.re\/wp-content\/uploads\/2026\/03\/Modele-brassiere-6.webp","type":"image\/webp"}],"twitter_card":"summary_large_image","twitter_misc":{"Dur\u00e9e de lecture estim\u00e9e":"1 minute"},"schema":{"@context":"https:\/\/schema.org","@graph":[{"@type":"WebPage","@id":"https:\/\/warriorpark.re\/index.php\/produit\/brassiere-2\/","url":"https:\/\/warriorpark.re\/index.php\/produit\/brassiere-2\/","name":"Brassi\u00e8re - Warrior Park","isPartOf":{"@id":"https:\/\/warriorpark.re\/#website"},"primaryImageOfPage":{"@id":"https:\/\/warriorpark.re\/index.php\/produit\/brassiere-2\/#primaryimage"},"image":{"@id":"https:\/\/warriorpark.re\/index.php\/produit\/brassiere-2\/#primaryimage"},"thumbnailUrl":"https:\/\/i0.wp.com\/warriorpark.re\/wp-content\/uploads\/2026\/03\/Modele-brassiere-6.webp?fit=1920%2C1403&ssl=1","datePublished":"2026-03-23T05:25:30+00:00","dateModified":"2026-03-25T13:09:39+00:00","breadcrumb":{"@id":"https:\/\/warriorpark.re\/index.php\/produit\/brassiere-2\/#breadcrumb"},"inLanguage":"fr-FR","potentialAction":[{"@type":"ReadAction","target":["https:\/\/warriorpark.re\/index.php\/produit\/brassiere-2\/"]}]},{"@type":"ImageObject","inLanguage":"fr-FR","@id":"https:\/\/warriorpark.re\/index.php\/produit\/brassiere-2\/#primaryimage","url":"https:\/\/i0.wp.com\/warriorpark.re\/wp-content\/uploads\/2026\/03\/Modele-brassiere-6.webp?fit=1920%2C1403&ssl=1","contentUrl":"https:\/\/i0.wp.com\/warriorpark.re\/wp-content\/uploads\/2026\/03\/Modele-brassiere-6.webp?fit=1920%2C1403&ssl=1","width":1920,"height":1403,"caption":"Brassi\u00e8re confortable en tissu doux, pr\u00e9sent\u00e9e sur fond neutre."},{"@type":"BreadcrumbList","@id":"https:\/\/warriorpark.re\/index.php\/produit\/brassiere-2\/#breadcrumb","itemListElement":[{"@type":"ListItem","position":1,"name":"Accueil","item":"https:\/\/warriorpark.re\/"},{"@type":"ListItem","position":2,"name":"Boutique","item":"https:\/\/warriorpark.re\/index.php\/boutique\/"},{"@type":"ListItem","position":3,"name":"Femme","item":"https:\/\/warriorpark.re\/index.php\/categorie-produit\/categorie-femme\/"},{"@type":"ListItem","position":4,"name":"Brassi\u00e8res","item":"https:\/\/warriorpark.re\/index.php\/categorie-produit\/categorie-femme\/brassieres-femmes\/"},{"@type":"ListItem","position":5,"name":"Brassi\u00e8re"}]},{"@type":"WebSite","@id":"https:\/\/warriorpark.re\/#website","url":"https:\/\/warriorpark.re\/","name":"Warrior Park","description":"Stay Fierce","potentialAction":[{"@type":"SearchAction","target":{"@type":"EntryPoint","urlTemplate":"https:\/\/warriorpark.re\/?s={search_term_string}"},"query-input":{"@type":"PropertyValueSpecification","valueRequired":true,"valueName":"search_term_string"}}],"inLanguage":"fr-FR"}]}},"jetpack_sharing_enabled":true,"_links":{"self":[{"href":"https:\/\/warriorpark.re\/index.php\/wp-json\/wp\/v2\/product\/987505583","targetHints":{"allow":["GET"]}}],"collection":[{"href":"https:\/\/warriorpark.re\/index.php\/wp-json\/wp\/v2\/product"}],"about":[{"href":"https:\/\/warriorpark.re\/index.php\/wp-json\/wp\/v2\/types\/product"}],"replies":[{"embeddable":true,"href":"https:\/\/warriorpark.re\/index.php\/wp-json\/wp\/v2\/comments?post=987505583"}],"wp:featuredmedia":[{"embeddable":true,"href":"https:\/\/warriorpark.re\/index.php\/wp-json\/wp\/v2\/media\/987505607"}],"wp:attachment":[{"href":"https:\/\/warriorpark.re\/index.php\/wp-json\/wp\/v2\/media?parent=987505583"}],"wp:term":[{"taxonomy":"product_brand","embeddable":true,"href":"https:\/\/warriorpark.re\/index.php\/wp-json\/wp\/v2\/product_brand?post=987505583"},{"taxonomy":"product_cat","embeddable":true,"href":"https:\/\/warriorpark.re\/index.php\/wp-json\/wp\/v2\/product_cat?post=987505583"},{"taxonomy":"product_tag","embeddable":true,"href":"https:\/\/warriorpark.re\/index.php\/wp-json\/wp\/v2\/product_tag?post=987505583"}],"curies":[{"name":"wp","href":"https:\/\/api.w.org\/{rel}","templated":true}]}}